of h.
2
Let x(g) = g**2 + 7*g + 8. What are the prime factors of x(-6)?
2
Suppose -2*z = 61 - 11. Let u = z - -49. What are the prime factors of u?
2, 3
Let l be (-6)/9 + 21/(-9). List the prime factors of (0 - -13) + 0/l.
13
Let a(h) = -2*h**2 - h + 4. Let d(g) = -7*g**2 - 2*g + 11. Let i(q) = 8*a(q) - 3*d(q). What are the prime factors of i(3)?
2, 19
Let u(x) = -x**3 + 3*x + 3. Let y be u(-3). Suppose 5*l - 2*n - 25 = 0, 4*n + 2 = l - y. What are the prime factors of l?
3
Let n(g) = 29*g + 11. What are the prime factors of n(4)?
127
Suppose 4*b + b - 55 = 0. List the prime factors of b.
11
Let g(s) be the second derivative of s**3/6 - 7*s**2/2 + s. Let f be g(10). Let u(o) = o**3 - 2*o**2 - 2*o. List the prime factors of u(f).
3
Let y(s) be the first derivative of s**4/4 + s**3 - 5*s**2/2 + 3*s + 2. What are the prime factors of y(-4)?
7
Let p = -6 + 10. Suppose 0 = -7*a + p*a + 12. What are the prime factors of 3/a + 82/8?
11
Suppose 14 - 138 = -4*f. List the prime factors of f.
31
Let w(o) = -2*o. Let m be w(-1). Suppose -m*h = 0, -s - h - 24 = -4*s. List the prime factors of s.
2
Let k = 8 - 6. List the prime factors of ((-1)/k)/((-5)/90).
3
Suppose -3*d + 390 + 300 = 0. What are the prime factors of d?
2, 5, 23
Let h(b) = -b**3 + 5*b**2 + 2*b - 5. Let x be h(6). Let n = -16 + x. List the prime factors of n/(-6) + (-1)/(-2).
2
Suppose -f = -5*f + 680. List the prime factors of f.
2, 5, 17
Let x(l) = l**3 + 4*l**2 + l - 4. Let h be x(-4). Let g be (-3)/(-2) + (-4)/h. Suppose -g*f + 10 = -6. What are the prime factors of f?
2
Suppose s = 5*s - 148. What are the prime factors of s?
37
Let r(g) = 9*g**3 - g. What are the prime factors of r(1)?
2
Let y be 1*(3 - (0 + 2)). Let p = y + 7. List the prime factors of p.
2
List the prime factors of ((-3)/6)/(1/(-12)).
2, 3
Suppose 0 = 13*f - 402 - 118. List the prime factors of f.
2, 5
Suppose -n + 64 = -3*b, 2*n + 5*b = 104 - 9. List the prime factors of n.
5, 11
Suppose -2*w - 12 = 2*w. What are the prime factors of (104/12)/((-2)/w)?
13
Suppose d - 13 = -4*s, 4*s + 4*d = d + 15. Suppose s*a = 19 + 26. List the prime factors of a.
3, 5
Let c(b) = 8*b**2 + 4*b. What are the prime factors of c(-4)?
2, 7
Suppose -5*x = -0*j - j + 108, 5*j + 3*x = 624. What are the prime factors of j?
3, 41
Let j = 84 + -49. List the prime factors of j.
5, 7
Let y(b) = b**3 + 6*b**2 + 4*b + 1. Let l = 15 + -11. Suppose 4*n + n = l*p, -5*p = 3*n + 37. What are the prime factors of y(p)?
2, 3
Let a(m) = 50*m - 5. List the prime factors of a(3).
5, 29
Let t = -5 - -45. What are the prime factors of t?
2, 5
Let p be ((-1)/(-3))/(15/(-90)). List the prime factors of ((-37)/p)/((-6)/(-12)).
37
Suppose 4*k - 1 - 7 = 0. Suppose -3*w + 29 = -k*w. List the prime factors of w.
29
Let k = 1 + -3. Let q be ((-2)/k)/(3/24). Suppose 3*m - 2*i - 7 - q = 0, 0 = m + 4*i + 9. List the prime factors of m.
3
Let z(w) = w + 17. What are the prime factors of z(-9)?
2
Suppose 0*q - 4*q + 164 = 0. What are the prime factors of q?
41
Let q(s) = -s**2 - 7*s + 2. Let h be q(-7). Suppose -h*d = -1 - 21. List the prime factors of d.
11
Let u be 15 + -3 + 0 - 2. Suppose u = 4*z - 2*z. Suppose 0*x + 60 = z*x. What are the prime factors of x?
2, 3
Suppose 0*u = 5*u - 20, -5*b = 5*u - 1455. List the prime factors of b.
7, 41
What are the prime factors of 134*((-25)/10 - -3)?
67
Let m = 24 - -58. List the prime factors of m.
2, 41
List the prime factors of ((-50)/(-5))/(0 + (-3)/(-30)).
2, 5
Let r(k) = -3*k + 4. Let t be r(4). Let d be ((-6)/(-8))/((-1)/t). List the prime factors of 2 - -2*d/4.
5
List the prime factors of 6/21 + (-2718)/(-42).
5, 13
Let c = 6 - -2. Let b = c - 0. What are the prime factors of b?
2
Suppose -2*l + 3 = -3*l. What are the prime factors of (-1)/l + 14/3?
5
Let w(i) = 8*i**2 - 3*i + 2. Let n be w(2). What are the prime factors of (-12)/8*n/(-6)?
7
Suppose 8*v - 3*v = -5. List the prime factors of (v/(-3))/(2/24).
2
Let d = -12 - -2. Suppose m = -3*m - 12. Let b = m - d. What are the prime factors of b?
7
Let j = 7 - 4. Suppose 0 = -5*v + j*f - 6*f - 81, -3*f = -9. List the prime factors of 2*(v/(-4) - -2).
13
Suppose -3*c - 18 + 150 = 0. Suppose w + c = 3*w. Suppose 0 = -3*i + w + 11. What are the prime factors of i?
11
Let l(t) = t**2 - 5*t - 4. List the prime factors of l(-16).
2, 83
Suppose 5*g - 3*l - 15 = 2*g, 3*g - 10 = 2*l. Suppose 14 = y - g. What are the prime factors of y?
2, 7
Let u = 15 + -24. Let p = 17 + u. List the prime factors of p.
2
Let n(v) = -v**3 + 9*v**2 + 2*v - 13. Let p be n(9). Suppose 57 = p*z - 8. List the prime factors of z.
13
Let k(z) = 35*z**2 + 2*z. Let i be k(-1). Let t = i - 0. List the prime factors of t.
3, 11
Suppose 40 = m - 4. List the prime factors of m.
2, 11
Let h(u) = -25*u + 1. Let r be h(-1). Let a = -51 + r. Let t = 35 + a. List the prime factors of t.
2, 5
Let v be (3 + -11)*(-2)/4. Suppose -u = -z - 7, -4*u = v*z - 10 - 10. List the prime factors of (17 + -5)*4/u.
2
Let q(v) = 4*v**2 + 7*v - 7. Let y be q(5). What are the prime factors of (y/10)/(6/15)?
2
Suppose -5*r + x + x = -10, 3*x = 0. Let s(z) = 3*z + z**r - 2*z + 0*z. What are the prime factors of s(1)?
2
Let m(r) = -r**3 - 9*r**2 - 5*r - 11. Let u be m(-9). Suppose 14 = 3*w - 5*k - u, -70 = -5*w + 5*k. List the prime factors of w.
11
Suppose 0 = 5*d - 10 + 155. Let g = -15 - d. What are the prime factors of g?
2, 7
Let l(a) = -a**3 - 4*a**2 + 3*a + 5. Let t be l(-4). Let n be -87*(t/3 + 2). Let y = 40 - n. List the prime factors of y.
11
Let v(y) = y**3 + 4*y**2 + y - 3. Let r be v(-3). Suppose -2*p - 3*p + 40 = -5*g, 0 = p - r*g - 14. What are the prime factors of p?
5
Suppose 0*m + q + 3 = -m, 4*m = -2*q - 2. Suppose 5*a - 25 = 0, -3*a = -3*u + 2*u - 14. Suppose -m*y + u = -9. List the prime factors of y.
5
Suppose 6 = -0*k + 3*k. Suppose -2 = -4*o + 2. Let w = k + o. What are the prime factors of w?
3
Let k = -11 + 17. Let w(i) = -i**3 + 5*i**2 + 15*i - 4. What are the prime factors of w(k)?
2, 5
Let k(g) = 16*g**2 + g + 1. What are the prime factors of k(-1)?
2
Let w = -59 + 97. Suppose 0 = -4*m + 3*o - w + 12, 3*o = 6. List the prime factors of 0 - m - (2 + -1).
2
Let c = 93 + -146. List the prime factors of (c/5)/(7/(-35)).
53
Let i be (-1)/4 - 903/(-12). Suppose q + 15 = 2*o - o, -5*o - 5*q = -i. Suppose -4*f + o = -3*f. What are the prime factors of f?
3, 5
Suppose 0 = -37*y + 42*y - 1235. List the prime factors of y.
13, 19
Let r = -27 - -4. Let x be 108/(-7) - 27/(-63). Let i = x - r. What are the prime factors of i?
2
What are the prime factors of -1 - 2 - -19 - -4?
2, 5
Let r = -5 + 9. Let x(k) = -k**3 + 14. Let i be x(0). Suppose -5*g - w + 0*w + 13 = 0, r*g - i = w. List the prime factors of g.
3
Let a(m) be the second derivative of -7*m**5/10 - m**4/12 - m**3/6 - m**2/2 - 4*m. Let o = -4 + 3. What are the prime factors of a(o)?
13
Suppose -3 = 2*t + 13. List the prime factors of t*(-2 - (-2)/2).
2
Let n = 4 + -2. Let o(l) = -l**3 + 6*l**2 - 4*l - 5. Let h be o(4). Suppose n*v = v + h. List the prime factors of v.
11
Suppose n - 16 = -4*o, 5*o - 19 = -4*n + 3*n. Suppose -4*z - 4 = 4*t, -7*z = n*t - 2*z + 5. Suppose -7 = -m - t*m. List the prime factors of m.
7
Suppose 18*d + 300 = 22*d. What are the prime factors of d?
3, 5
Suppose 4*y - y = 2*s + 93, -45 = -y - 4*s. What are the prime factors of y?
3, 11
Suppose -4*w = 5*k - 3*w - 16, 0 = -4*k + 4*w + 8. What are the prime factors of k?
3
Let j be 4/(-14) - 2238/(-42). Suppose -2*n + 77 = -j. Suppose -3*i - 23 = -2*b - 4*i, -5*b + n = 5*i. What are the prime factors of b?
2, 5
Suppose 8*w - 63 = 17. List the prime factors of w.
2, 5
Let s(i) = i**2 - 5*i + 7. Let d be s(7). Suppose -d = -2*w + 3. List the prime factors of w.
2, 3
Let r = -20 - -25. Let g(v) = v**3 - 2*v - 1. Let x be g(-1). Suppose -r*h = -x*h - 10. List the prime factors of h.
2
Let r = -131 + 92. List the prime factors of (-1)/2 + r/(-6).
2, 3
Let b be -39 + (-1)/(-3)*3. Let k(f) = -53*f**2. Let x be k(1). Let i = b - x. List the prime factors of i.
3, 5
Suppose -4*i = -13 - 23. Let d be 6/i*6/2. Suppose -y - 4 = -d*y. What are the prime factors of y?
2
Let z(u) = 4*u + 1. Suppose -2 = f - j, 3*f - 5*j + 10*j = 34. What are the prime factors of z(f)?
13
Let x be (11/2 - 2)*2. Sup